{"id":1549,"date":"2024-08-27T20:46:24","date_gmt":"2024-08-27T18:46:24","guid":{"rendered":"https:\/\/rugby-nantes.fr\/?page_id=1549"},"modified":"2024-08-27T22:36:38","modified_gmt":"2024-08-27T20:36:38","slug":"hall-of-fame-2-2","status":"publish","type":"page","link":"https:\/\/rugby-nantes.fr\/?page_id=1549","title":{"rendered":"Hall of fame"},"content":{"rendered":"\n<h1 class=\"wp-block-heading has-text-align-center\">Hall of fame<\/h1>\n\n\n\n<div class=\"wp-block-columns is-layout-flex wp-container-core-columns-is-layout-28f84493 wp-block-columns-is-layout-flex\">\n<div class=\"wp-block-column is-layout-flow wp-block-column-is-layout-flow\" style=\"flex-basis:10%\"><\/div>\n\n\n\n<div class=\"wp-block-column is-layout-flow wp-block-column-is-layout-flow\" style=\"flex-basis:80%\">\n<p>Ce sont <strong>Nico<\/strong>, <strong>Olivier<\/strong>, <strong>Alex<\/strong> et <strong>Gu\u00e9no<\/strong> qui cr\u00e9\u00e8rent le Club de Rugby des BRAKASS, en 2005. Apr\u00e8s quelques ann\u00e9es de vie de simple association sportive, les BRAKASS sont devenus un Club de rugby affili\u00e9 \u00e0 la F\u00e9d\u00e9ration Fran\u00e7aise de Rugby \u00e0 la rentr\u00e9e 2008. Depuis, le club attire un grand nombre de joueurs, qui veulent d\u00e9couvrir ou red\u00e9couvrir le rugby au sein d\u2019un club de copains.<\/p>\n<\/div>\n\n\n\n<div class=\"wp-block-column is-layout-flow wp-block-column-is-layout-flow\" style=\"flex-basis:10%\"><\/div>\n<\/div>\n\n\n\n<p><\/p>\n\n\n\n<p><\/p>\n\n\n\n<link rel=\"stylesheet\" href=\"https:\/\/cdnjs.cloudflare.com\/ajax\/libs\/materialize\/1.0.0\/css\/materialize.min.css\">\n\n <script src=\"https:\/\/cdnjs.cloudflare.com\/ajax\/libs\/materialize\/1.0.0\/js\/materialize.min.js\"><\/script>\n\n <link href=\"https:\/\/fonts.googleapis.com\/icon?family=Material+Icons\" rel=\"stylesheet\">\n\n\n\n\n\n\n\n<div id=\"wp-block-themeisle-blocks-advanced-columns-9ecf8520\" class=\"wp-block-themeisle-blocks-advanced-columns has-0-columns has-desktop-undefined-layout has-tablet-equal-layout has-mobile-equal-layout has-vertical-unset\"><div class=\"wp-block-themeisle-blocks-advanced-columns-overlay\"><\/div><div class=\"innerblocks-wrap\"><\/div><\/div>\n","protected":false},"excerpt":{"rendered":"<p>Hall of fame Ce sont Nico, Olivier, Alex et Gu\u00e9no qui cr\u00e9\u00e8rent le Club de Rugby des BRAKASS, en 2005. Apr\u00e8s quelques ann\u00e9es de vie de simple association sportive, les BRAKASS sont devenus un Club de rugby affili\u00e9 \u00e0 la F\u00e9d\u00e9ration Fran\u00e7aise de Rugby \u00e0 la rentr\u00e9e 2008. Depuis, le club attire un grand nombre &hellip;<\/p>\n<p class=\"read-more\"> <a class=\"\" href=\"https:\/\/rugby-nantes.fr\/?page_id=1549\"> <span class=\"screen-reader-text\">Hall of fame<\/span> Lire la suite\u00a0\u00bb<\/a><\/p>\n","protected":false},"author":1,"featured_media":0,"parent":0,"menu_order":0,"comment_status":"closed","ping_status":"closed","template":"","meta":{"_acf_changed":false,"site-sidebar-layout":"default","site-content-layout":"default","ast-global-header-display":"","ast-main-header-display":"","ast-hfb-above-header-display":"","ast-hfb-below-header-display":"","ast-hfb-mobile-header-display":"","site-post-title":"disabled","ast-breadcrumbs-content":"","ast-featured-img":"","footer-sml-layout":"","theme-transparent-header-meta":"","adv-header-id-meta":"","stick-header-meta":"","header-above-stick-meta":"","header-main-stick-meta":"","header-below-stick-meta":"","_themeisle_gutenberg_block_has_review":false,"footnotes":""},"class_list":["post-1549","page","type-page","status-publish","hentry"],"acf":[],"aioseo_notices":[],"_links":{"self":[{"href":"https:\/\/rugby-nantes.fr\/index.php?rest_route=\/wp\/v2\/pages\/1549","targetHints":{"allow":["GET"]}}],"collection":[{"href":"https:\/\/rugby-nantes.fr\/index.php?rest_route=\/wp\/v2\/pages"}],"about":[{"href":"https:\/\/rugby-nantes.fr\/index.php?rest_route=\/wp\/v2\/types\/page"}],"author":[{"embeddable":true,"href":"https:\/\/rugby-nantes.fr\/index.php?rest_route=\/wp\/v2\/users\/1"}],"replies":[{"embeddable":true,"href":"https:\/\/rugby-nantes.fr\/index.php?rest_route=%2Fwp%2Fv2%2Fcomments&post=1549"}],"version-history":[{"count":41,"href":"https:\/\/rugby-nantes.fr\/index.php?rest_route=\/wp\/v2\/pages\/1549\/revisions"}],"predecessor-version":[{"id":1598,"href":"https:\/\/rugby-nantes.fr\/index.php?rest_route=\/wp\/v2\/pages\/1549\/revisions\/1598"}],"wp:attachment":[{"href":"https:\/\/rugby-nantes.fr\/index.php?rest_route=%2Fwp%2Fv2%2Fmedia&parent=1549"}],"curies":[{"name":"wp","href":"https:\/\/api.w.org\/{rel}","templated":true}]}}